98 is divided by c.
38
Let v = -108 + 110. What is the remainder when 30 is divided by v?
0
Let r(k) = -k**2 + 7. Let f be r(3). Let s(u) = -7*u**3 - 2*u - 1. Suppose 4*c = 124 - 0. Calculate the remainder when s(f) is divided by c.
28
Let q(u) = u**3 + 9*u**2 - 3*u - 21. Let w be q(-9). Suppose w*p = 9*p - 201. What is the remainder when p is divided by 35?
32
Let a = 376 - 162. Suppose -2*l - 3*l + 5*j = -290, 4*l + 2*j = a. Let g = -20 - -34. What is the remainder when l is divided by g?
13
Let s be 60/35 + 2/7 - -33. Let l = s - 15. Let r(z) = z + 7. What is the remainder when l is divided by r(0)?
6
Suppose -2*h + 32 = -2. What is the remainder when ((-27)/(-24) + 3)*(30 + -22) is divided by h?
16
Let s(x) = -11*x**2 + 2*x. Let q be s(2). Let b(p) = 14*p + 15. Let a be b(11). Let n = q + a. Calculate the remainder when n is divided by 26.
25
Suppose 64*o - 551 = 59*o + 2*z, -o = -z - 112. What is the remainder when 368 is divided by o?
41
Let x(o) = -3*o**3 - 5*o**2 - 4*o - 1. What is the remainder when x(-3) is divided by (5 - 4) + 11/1?
11
Suppose 2*r + c = 849, -2*r - 4*c + 566 = -280. What is the remainder when r is divided by 61?
59
Suppose 8*b - 610 = -146. What is the remainder when b is divided by 16?
10
Let u be (-2 - (-6)/3)/(-2). Suppose 7*a - 3*a = u. Suppose 6*r - 153 - 27 = a. Calculate the remainder when r is divided by 8.
6
Let h = -113 - -266. Suppose -3*j - h = -3*z, 31 = z - 3*j - 14. What is the remainder when z is divided by 14?
12
Suppose 50 + 30 = -4*d. Let c = 38 + d. What is the remainder when c is divided by 6?
0
Let j(i) = i**3 + 5*i**2 - 5*i + 13. Let l be j(-7). Let z = 88 + l. Calculate the remainder when z is divided by 10.
8
Suppose -3*v + 5*a = -v - 5, 4*v - 15 = 5*a. Suppose v*j + 0*c - 2*c = 270, -3*j = 4*c - 162. Calculate the remainder when j is divided by 11.
10
Let n be 4/26 + (-4)/26. Suppose 5*m + 1315 = 2*b + 2*b, n = -2*m - 6. Suppose -r + b = 4*r. What is the remainder when r is divided by 17?
14
Let h(a) = -6*a - 94. What is the remainder when h(-21) is divided by 11?
10
Let f = -628 + 650. What is the remainder when 78 is divided by f?
12
Suppose 28*v = 1233 - 281. Calculate the remainder when 82 is divided by v.
14
Let n be 4 + 3 - 2 - 0. Suppose -c - 87 = -2*t, n*t - 340 + 122 = 3*c. Calculate the remainder when 125 is divided by t.
39
Let f be (-10)/(-105)*-3 - (-60)/14. Suppose -6*g = -8*g + 5*t + 46, f*g + 2*t - 140 = 0. Calculate the remainder when g is divided by 4.
1
Suppose 144 + 77 = 13*j. Calculate the remainder when (-233)/(-7) - (-26)/(-91) is divided by j.
16
Let a be 18/(-27)*(1 - 10). Suppose -38 = 2*t - 30. What is the remainder when a/12 + (-182)/t is divided by 16?
14
Suppose -4*y = u - 2*u - 63, 2*y = u + 33. Let o = y + 8. What is the remainder when o is divided by 4?
3
Suppose 40 = -5*n + 250. Let k(x) = x**2 - 1. Let l(z) = z**2 + 7*z + 4. Let v be l(-7). What is the remainder when n is divided by k(v)?
12
Let l(r) = -3*r + 2. Let v be -4 + 1 + 0 + 0. Let u be l(v). Suppose -y + u = 4*t - 1, -y + 4*t - 4 = 0. Calculate the remainder when 10 is divided by y.
2
Suppose 7*r - 301 = 14. Let k = -16 + r. What is the remainder when 85 is divided by k?
27
Let c be 34 + ((-1)/4 - (-63)/(-36)). Suppose -2*z + 2*t = -22, 0 = 5*z - 3*t - c - 17. Calculate the remainder when z is divided by 3.
2
Let y be 4 + 0/4 - 17. Let j = y + 10. What is the remainder when j*-1*(4 + -1) is divided by 5?
4
Let f = 16 - 58. Let n = -34 - f. Let v(c) = -c**2 + 7*c - 1. What is the remainder when n is divided by v(6)?
3
Suppose -10 = -5*i + 10, -4*f - 5*i = -600. Calculate the remainder when f is divided by 21.
19
Suppose -7*c + 153 = -211. Let a = -41 + c. What is the remainder when 63 is divided by a?
8
Suppose 3*q + 30 = 9*q. What is the remainder when 2/q + (-2611)/(-35) is divided by 11?
9
What is the remainder when 180 is divided by 544/(-1360)*-115*(-2)/(-4)?
19
Let b(i) = -7*i + 6*i + 2 - 2*i + 36*i**2. Let j be b(2). Suppose r - j = -4*r. What is the remainder when 55 is divided by r?
27
Let h = -550 + 752. Calculate the remainder when h is divided by 52.
46
Suppose -3*i - 5*l + 198 = 0, 0*i - 3*i + 171 = -4*l. Let a = -10 - -21. Calculate the remainder when i is divided by a.
6
Let p(y) = y**3 - 2*y**2 + 6*y - 3. What is the remainder when 52 is divided by p(2)?
7
Suppose 2*o = 2*t + 9 + 9, -2*t - 5*o = -17. Let l(k) = -32*k - 10. Let h be l(t). Let i = h - 66. What is the remainder when i is divided by 18?
16
Suppose -2*w - w - 32 = -5*y, y + w = 0. Suppose -274 = -5*r - 2*j, y*r + 2*j = 2*r + 112. What is the remainder when 105 is divided by r?
51
Let r(g) = g**3 - 7*g**2 + 2*g + 5. Let d(w) = w**3 - w**2 + 2*w - 3. Let x be d(3). Let z = x + -10. Calculate the remainder when r(7) is divided by z.
8
Let q(t) = 2*t**3 + 14*t**2 - 4*t - 9. Calculate the remainder when q(-7) is divided by (-3)/2*(-14)/3.
5
Let b = 1668 - 1642. Calculate the remainder when 36 is divided by b.
10
Suppose 8 = 4*g - 0. Suppose -5*q + 13 = -2*h, -3*h + 1 = -g. Suppose 2*x - 7*x = -q*y - 119, -2*x + 5*y = -59. Calculate the remainder when 87 is divided by x.
21
Let a be ((-2)/(-10)*0)/3. Let x = -4 - -2. Calculate the remainder when 41 is divided by (x/4 - a)*-44.
19
Let s(d) = d**2 + d + 7. Let q be s(0). Let l be (q + -3)/((-2)/(-17)). Suppose 3 = -w + l. Calculate the remainder when w is divided by 11.
9
Let w = -783 + 812. What is the remainder when 218 is divided by w?
15
Let o = -27 + 38. Calculate the remainder when 98 is divided by o.
10
Let b = -414 + 422. What is the remainder when 279 is divided by b?
7
Let x(m) = 37*m. Suppose -11 = 2*v - 3. Let h be x(v). Calculate the remainder when (2/2)/((-2)/h) is divided by 19.
17
Suppose -2*a + 260 = 2*a. Let y = -143 + 165. Calculate the remainder when a is divided by y.
21
Let r be (1 + 0)*(-4)/(-1). Suppose -120 = -5*n - r*k + 693, 2*k = 4. What is the remainder when n is divided by 54?
53
Let k = 473 + -462. What is the remainder when 29 is divided by k?
7
Suppose 4*f = 3*f + 3. Let v(g) = -g**2 - 2*g + 4. Let t be v(4). Let m = t + 23. Calculate the remainder when f is divided by m.
0
Suppose -4*p + 288 = -5*c + 3*c, -3*c + 288 = 4*p. Suppose p = 7*i - 47. What is the remainder when (-900)/(-14) - 4/14 is divided by i?
13
Suppose -7*m + 16*m - 216 = 0. Let s(r) = 3*r - 7. Let w be s(6). Let o = m - w. What is the remainder when 36 is divided by o?
10
Let b(m) = 26*m - 203. What is the remainder when b(11) is divided by 12?
11
Let k(r) = r**2 + 11*r - 42. Calculate the remainder when 44 is divided by k(-15).
8
Let n(s) = -s**2 + 5*s + 25. Calculate the remainder when n(0) is divided by 14.
11
Let h = -186 - -129. Let c = h + 80. Calculate the remainder when c is divided by 5.
3
Let k(q) = 16*q - 10. Let z be k(4). Suppose f - 67 + z = 0. Calculate the remainder when 55 is divided by f.
3
Suppose -2*x + 2*v = -115 - 59, 3*x + v - 281 = 0. Suppose -4*o - 4 = -x. Calculate the remainder when 64 is divided by o.
20
Let j(w) be the second derivative of -w**3/6 + 29*w**2/2 - 11*w. Calculate the remainder when j(6) is divided by 13.
10
Let t = 17 + 20. Calculate the remainder when 144 is divided by t.
33
Let j(i) = i**3 + 7*i**2 - 10*i + 1. Let y be j(-8). Let v = -2 + y. Calculate the remainder when (-4)/(-16) - (-684)/16 is divided by v.
13
Suppose -20 = 4*x, 2*g - 5*x + 20 - 321 = 0. Suppose 4*z = -4*s + 108, 2*s + 15 = -5*z + g. What is the remainder when 67 is divided by z?
21
Suppose 39 = 4*n + 15. Suppose f - n*f + 5 = 0, 4*f + 356 = 5*v. What is the remainder when v is divided by 25?
22
Let m(b) = 5*b**2 + 4*b + 52. Calculate the remainder when 623 is divided by m(0).
51
Suppose 3*l + 2*l = 15. Suppose -l*d = -5*d + 80. Suppose t - d = -0*t. Calculate the remainder when t is divided by 14.
12
Let v(i) = i**2 - 6*i + 2. Let u be v(6). Suppose m = -u*m + 57. Suppose -12*h + 301 + 371 = 0. What is the remainder when h is divided by m?
18
Suppose 5*r - 10*r = 3*q - 78, 0 = -r + q + 14. Calculate the remainder when 433 is divided by r.
13
Let y = -3 - 57. Let l = -31 - y. What is the remainder when l is divided by 6?
5
Calculate the remainder when 14/(-147) - (-4414)/42 is divided by 18.
15
Suppose k = 6*f - 2*f - 170, f - 32 = -5*k. Calculate the remainde